879 + 1275 = 0. List the prime factors of l.
2, 7
Suppose 5*r - 8 = 3*i, -5*r - 3*i + 18 = -14. Suppose -r = -m - 0, a + 5*m - 93 = 0. List the prime factors of a.
73
Let d(g) be the second derivative of -g**5/20 + 5*g**4/6 - 3*g**3/2 + 8*g**2 + 16*g + 3. What are the prime factors of d(7)?
2, 5
Suppose 4*v - 201 = -4*n - v, 3*v + 161 = 4*n. Let h = -19 + n. List the prime factors of h.
5
Suppose -5*x + 82 = -3*w, 2*w + 53 = 5*x + 5. Let n(k) = k**3 - 9*k**2 - 4*k - 2. Let t be n(10). Let q = w + t. List the prime factors of q.
2, 3
Suppose 14*j - 20*j + 16422 = 0. List the prime factors of j.
7, 17, 23
Suppose 4 = r - 1. Suppose -5*b + 15 - r = 0. List the prime factors of b + (1 - 2) - -15.
2
Let r be (-5)/(-2)*(-16)/(-20). Suppose r*d - 1 = -3*y + 3, 3*d + y = 13. Suppose -8 = -3*n + n - g, -30 = -5*n - d*g. List the prime factors of n.
2
Let p be 97/(-3) + 12/(-18). Let g be p/(-7) + (-22)/(-77). Suppose f = g*r - 159, 2*r - 59 + 17 = -5*f. What are the prime factors of r?
31
Let f be -3 - ((-2)/(-4) - (-10395)/(-14)). Suppose 10*k - 8*k + 2*g = 286, -g = -5*k + f. What are the prime factors of k?
3, 7
Suppose 5*k - 298 = -2*u, 5*k - u = 3*u + 304. List the prime factors of k.
2, 3, 5
Let q(t) = 5*t + 33 - 22*t - 35. What are the prime factors of q(-1)?
3, 5
Suppose 3*i - 2144 = -2*b, -b + 460 + 612 = 2*i. What are the prime factors of b?
2, 67
Suppose -r - 4*d = -4*r + 2888, 2*r + 5*d = 1956. What are the prime factors of r?
2, 11
Suppose -6*f + 11280 = -2586. List the prime factors of f.
2311
Let j = -4 + 1752. What are the prime factors of j?
2, 19, 23
Suppose 3*v + 115 = 2*v - 2*f, 230 = -2*v + f. Let m = 201 + v. List the prime factors of m.
2, 43
Let x(b) = 4*b + 16. Let w be x(-3). Suppose -w*k - 3*d + 850 = -d, 4*k - 4*d = 856. List the prime factors of k.
3, 71
Let s(j) = j**3 - 11*j**2 - j + 24. List the prime factors of s(12).
2, 3, 13
Suppose -234 = -5*i + 716. Suppose -260 - i = -6*h. List the prime factors of h.
3, 5
Let n(x) be the third derivative of -x**6/120 - 7*x**5/60 - x**4/4 + x**3/2 + 5*x**2. Let f be n(-6). Suppose -f*l = -12 - 3. What are the prime factors of l?
5
Suppose 152*k = 147*k + 115. What are the prime factors of k?
23
Let c = 16 - 16. Suppose -k - 11 = v - 4*v, c = -5*k - 25. List the prime factors of v.
2
Let q = -33 + 31. Let k = 22 - q. List the prime factors of k.
2, 3
Suppose 3*b + 1 = x - 5, 2*x - 3*b - 12 = 0. Suppose -z = z - x. Suppose -139 = -z*q + 2*u, -5*q + 5*u + 187 = -53. List the prime factors of q.
43
Let l(a) = -a**3 - 6*a**2 - 7*a - 4. Let q be l(-5). Suppose q*o - 290 = o. List the prime factors of o.
2, 29
Let r(m) = 2*m**3 + 28*m**2 - 8*m - 74. List the prime factors of r(-14).
2, 19
Let x be -1*0/(0 - -4). Suppose 0 = 2*r - x - 4. Suppose 74 = 5*h - 4*m, r*h - 3*h = -4*m - 18. List the prime factors of h.
2, 7
Let f be (-62880)/(-210) - (-4)/7. Suppose 4*h = -3*s + 593, -2*h - 2*s + f = -4*s. What are the prime factors of h?
149
What are the prime factors of ((-56)/(-21))/(-2*(-2)/2694)?
2, 449
Let h(y) = 89*y + 19. What are the prime factors of h(8)?
17, 43
Let w be 11/(((-4)/(-1))/(-4)). Let o = 14 + w. Suppose d + 58 = o*h - 3*d, d - 135 = -5*h. List the prime factors of h.
2, 13
Let k(v) = -v**3 + 5*v**2 - 4*v. Let x be k(4). Suppose x = 26*m - 23*m - 111. List the prime factors of m.
37
Suppose 608 + 504 = 8*q. Let p = q + -82. List the prime factors of p.
3, 19
Let v = 1766 - 386. List the prime factors of v/33 + -4*(-3)/66.
2, 3, 7
Let i(j) = j**3 + 8*j**2 + 8*j + 6. Let r be i(-6). Suppose -6 = 3*f - r. List the prime factors of (f/14)/((-10)/(-175)).
2, 5
Suppose -20*y + 12307 + 33993 = 0. List the prime factors of y.
5, 463
Let f be (-7)/(-35) - 419/(-5). Suppose 2*c - f = -18. Suppose -5*z - c = -3*n, z + 46 = 5*n - 9. List the prime factors of n.
11
Let x = -9 + 207. What are the prime factors of x?
2, 3, 11
Suppose -4*o - 1512 = -0*o. Let t = -234 - o. What are the prime factors of t?
2, 3
Let z(h) = h + 7. Suppose -n = 2*k - 1, -2*n - 2*k - 13 = n. Let q be z(n). Suppose s = -5*v + 57, v + q*v = 3. List the prime factors of s.
2, 3, 7
Let q(v) = 161*v**2 + 5*v - 5. Let l = -19 - -20. List the prime factors of q(l).
7, 23
Suppose 3084 = -217*s + 221*s. List the prime factors of s.
3, 257
Let p = 7 - 2. Suppose -52 = p*k - 342. What are the prime factors of k?
2, 29
Suppose -2465 = -5*a + 4*x, 4*a + 2*x - 968 = 2*a. Let z = a - 328. List the prime factors of z.
7, 23
Suppose -13*t = -8*t + 25. Let i be 9/(-45) - 341/t. Suppose -2*d = -6*d + i. List the prime factors of d.
17
Let m(o) be the third derivative of o**6/120 - o**5/10 - o**4/24 - 7*o**3/3 - 20*o**2. What are the prime factors of m(7)?
2, 7
Let a(f) = 12*f**2 + 7*f - 15. List the prime factors of a(2).
47
Let z = 124 - 290. Let v = z - -290. List the prime factors of v.
2, 31
Let n be 10 - (0 + 1)*-2. Let p be (909/n)/((-9)/(-24)). List the prime factors of p/8 + (-3)/12.
5
Suppose -2*k = 3*k - 2*a + 3, 0 = 4*k - a. Suppose k = -q + 4*d + d, 5*d = -4*q - 29. List the prime factors of (-20)/q - 3/9.
3
Let k(d) be the third derivative of d**6/120 - 7*d**5/60 - 5*d**4/24 - 2*d**3/3 - 84*d**2 + 2. Let c be -2*(4/2 - 6). What are the prime factors of k(c)?
2, 5
Let z(n) = 2*n - 13 + 18 - n. What are the prime factors of z(4)?
3
Let c be (-9)/(9/4)*64. Let r = -146 - c. List the prime factors of r.
2, 5, 11
Let h(u) = -2*u**2 - 4*u + 4. Let t be h(13). Let l = t + 270. Let v = -61 - l. What are the prime factors of v?
5, 11
List the prime factors of (2 - 367/6)/(32/(-192)).
5, 71
Let c = -1173 - -1669. What are the prime factors of c?
2, 31
Let p = -3 - -7. Suppose -p*o + 485 = o. What are the prime factors of o?
97
Let r = -30 - -19. Let h = r + 5. Let u(a) = -2*a + 5. What are the prime factors of u(h)?
17
Let n be 5 + -2 + 1 + -3. Let a be (1 - n) + 4 + -1. Suppose 2*c - 58 - 15 = -a*s, -3*s + 4*c + 43 = 0. List the prime factors of s.
3, 7
Let y(z) = z**2 - 1. Let q be y(-1). Let f(j) = -j**2 - j + 2. Let m be f(q). Let c = m + 2. List the prime factors of c.
2
Suppose 2*a + 5 = 3. Let p be (-1)/(a - (-150)/153). Suppose 0 = -2*i + h + 33, -p = -4*i + 2*i - 5*h. List the prime factors of i.
2, 3
Let u(n) be the third derivative of -n**5/120 + n**4/8 + 2*n**3/3 + 5*n**2. Let q(z) be the first derivative of u(z). What are the prime factors of q(-8)?
11
Suppose 3*c = 2*l + 6622, -2*c + 585 + 3831 = -2*l. List the prime factors of c.
2, 1103
Let w = 3210 + -2258. What are the prime factors of w?
2, 7, 17
Let z be (-12)/(-3*(-5)/(-15)). Let o(t) = 2*t - 10. List the prime factors of o(z).
2, 7
Let y = -18 + 36. Suppose 0 = 4*p - d + 131, -4*p + 5*d - y = 125. Let h = 48 + p. What are the prime factors of h?
2
Let m be (6/(-12))/((-2)/8). Let i = -8 + 13. Suppose -i*q - k = -2*k - 136, -83 = -3*q + m*k. List the prime factors of q.
3
Let z = 127 - 252. Let x(h) = -12*h**2 - 8*h - 2. Let k be x(-3). Let n = k - z. List the prime factors of n.
3, 13
Let j be (-2)/(4*(-3)/(-726)). Let h = j - -211. List the prime factors of h/(-4)*48/(-30).
2, 3
Suppose -18*z + 20*z - 42 = 0. List the prime factors of z.
3, 7
Suppose 4*m - 3*m - 5 = 0. Suppose -21*u + 3*h = -20*u + 11, -4*h - 2 = 2*u. List the prime factors of 4*(-2)/u*m.
2
Suppose -5*i + 3042 = 8*i. What are the prime factors of i?
2, 3, 13
Let a = 171 - 117. Suppose -r = -0*r - a. What are the prime factors of r?
2, 3
Suppose 4*n + 25*w - 23*w = 13808, 3*w + 3445 = n. What are the prime factors of n?
7, 17, 29
Let q(u) be the first derivative of -u**2 + 5*u + 13. List the prime factors of q(-12).
29
Suppose -219 = 3*p + 270. Let c = 233 + p. What are the prime factors of c?
2, 5, 7
Let b(y) = -y**3 + 16*y**2 + 5*y - 1. Let i be b(16). Let h = i - 45. List the prime factors of h.
2, 17
Suppose 28*s = 9127 + 9829. What are the prime factors of s?
677
Let i(l) be the first derivative of -l**2/2 + 19*l - 24. List the prime factors of i(-18).
37
Suppose -2308 = -4*j - 244. What are the prime factors of j?
2, 3, 43
Let y(a) = a**2 + 10*a - 21. Let b be y(-12). Suppose 3*i + 138 = 5*n, 2*i - 95 + 27 = -2*n. Suppose b*d - 5*d = -n. List the prime factors of d.
3, 5
Suppose -7*x = -3*x - 2*d - 828, -3*x + 4*d = -626. Let l = x + -112. List the prime factors of l.
2, 47
Let 